*d. Let b(k) = -6*k**3 - 13*k**2 - 11*k. Let z(u) = 4*b(u) + 3*f(u). What is the tens digit of z(-7)?
1
Suppose -69 = -4*c - 25. Let h(p) = 8*p**2 - 2*p**2 - 5*p**2 - 4*p - 2*p + 22. What is the tens digit of h(c)?
7
What is the thousands digit of (-3015552)/(-432) - 12/27?
6
Suppose 0 = 2*a - 257 - 323. Suppose -v = a - 2558. What is the tens digit of (4/(-6))/((-14)/v)?
0
Suppose 5*f = 4*f + 2*n + 16023, -4*n + 16 = 0. What is the thousands digit of f?
6
Let m = 42 - 38. Suppose -5*a + 10 = -0*a + m*q, -40 = -5*a + 2*q. Suppose -a*l = -11*l + 545. What is the tens digit of l?
0
Let a(d) = d**2 - 27*d - 27. Let c be a(28). What is the units digit of c/((-44)/(-22) + (-3055)/1528)?
8
Let k(m) = 2*m**3 - 9*m**2 - 2*m - 23. Let t be k(6). Let y = t - -62. What is the hundreds digit of y?
1
Suppose -5*q - u = -8*q + 2063, -10 = 2*u. Let d = -242 + q. What is the units digit of d?
4
Suppose 0 = 7*v - 11 - 10. Let y(c) = -2*c**2 - 6*c + 3*c**3 - 16*c**3 + 14 + 12*c**3 + 2*c**v. What is the tens digit of y(5)?
5
Let p be -2 - 0 - ((-2)/2 + -1). Suppose p = 4*c - 1009 - 943. What is the units digit of c?
8
Let d be (-6)/(-9) + 28/12. Suppose 0 = -d*v + 8*v - 150. Let u = 32 - v. What is the units digit of u?
2
Let g = 13566 - 7911. What is the tens digit of g?
5
Let j be 2/10 - (-48)/(-40). Let r be (-2 - j - 0)*-3. Suppose 0*x - 4*x = r*k - 284, -x + 94 = k. What is the units digit of k?
2
Suppose -24*t = -19*t - 8355. What is the tens digit of (9/18)/(-1 + t/1668)?
7
Suppose -20 = 4*q, 0 = 46*s - 49*s - 3*q + 38034. What is the thousands digit of s?
2
Let b be -4*(-15)/2*6/(-9). Let c = 26 + b. What is the units digit of ((-3)/c)/((-314)/(-316) - 1)?
9
Let k(i) be the second derivative of 5/2*i**3 - 14*i + 1/12*i**4 - 15/2*i**2 + 0. What is the tens digit of k(-17)?
1
Suppose -39*j + 14903 = -45586. What is the tens digit of j?
5
Let j(g) = 104*g**2 + g + 41. What is the units digit of j(9)?
4
Let v(g) = g**3 + g**2 + g + 56. Let t be 3750/(-135) + 4/(-18). Let p be (-4)/t - (-1)/(-7). What is the tens digit of v(p)?
5
Let w = 2069 - 1365. Suppose 11*o - 15*o = w. Let t = o - -314. What is the tens digit of t?
3
Suppose 0 = 4*q + 1179 + 1217. Let m = q - -1049. Suppose m = 4*g + g. What is the units digit of g?
0
Let w = 353 + 40. Suppose -y - n + 87 = 0, 11*n - 6*n + w = 4*y. What is the units digit of y?
2
Let o = 2420 - -35705. What is the ten thousands digit of o?
3
Let u(a) = 7*a - 3. Let t be u(1). Suppose 5*p - t*p - 58 = 0. Suppose 5*i - 7 = p. What is the units digit of i?
3
Suppose 48456 = -11*o + 56728. What is the tens digit of o?
5
Let z be -3 - (-2)/(-2)*-7. Suppose -z*c + 3*c - 2 = 0. What is the units digit of 2 - 7 - c - (1 - 9)?
5
Let w(k) = 124*k + 3. Let p be w(-2). Let a = 544 + -700. Let s = a - p. What is the tens digit of s?
8
Let t(s) = 7*s**2 + 14*s - 117. Let c be t(6). Suppose 5*m - c - 1351 = 0. What is the hundreds digit of m?
3
Let y be (7 - 6) + 1/(-2)*2. Let a be ((y + -2)*1)/2. What is the units digit of (-4 - (a + 2))*-52?
0
Suppose 6*c - c = -20. Let z be c/(-5) - (-176)/5. What is the tens digit of ((-20)/6)/((-2)/z)?
6
Let c(y) = 2*y**2 + 11*y + 5. Let b be ((-4)/8*4 - -3)*9. What is the tens digit of c(b)?
6
Let x = -813 - -247. Let m = x + 1713. What is the tens digit of m?
4
Let l(o) = -347*o**3 + 5*o**2 - 2*o - 10. What is the thousands digit of l(-2)?
2
Suppose -2*y + 9548 = o, 938 = 2*o + y - 18170. What is the units digit of o?
6
Let t(d) = d**3 + 9*d**2 - 9*d + 4. Let r be t(-10). Let x be (-36)/((2/r)/((-2)/4)). Let c = x + 110. What is the units digit of c?
6
Let u(c) = -15*c + 3*c + 25*c + 8*c - 138. What is the hundreds digit of u(13)?
1
Suppose 2*t = -8, 0*i - 3*i + 2*t = -3296. Let y = i + -575. What is the units digit of y?
1
Let q = 31228 - 13483. What is the thousands digit of q?
7
Suppose 14*k - 11*k - 12 = 0. Suppose -5*x + k*d = 23, 3*d + 1 = -3*x - 2. What is the tens digit of (-10)/x*4*(-9)/(-4)?
3
Let l(p) = p**3 + 6*p - 2 - 8*p**2 - 6 - 2. Let z be l(8). Let f = z + -1. What is the units digit of f?
7
Let m(l) = 7*l**2 - 129*l - 57. What is the units digit of m(-15)?
3
Let t(u) = u**2 - 9*u - 36. Let b be 2/(-9) - 202/(-18). Let m be t(b). Let f(l) = -7*l - 34. What is the units digit of f(m)?
4
Let h = 12760 - 4339. What is the hundreds digit of h?
4
Let d be 5 + (2 + -47)/((-3)/(-3)). What is the units digit of 1601 + -5*64/d?
9
Let p(t) = -213*t - 408. What is the hundreds digit of p(-20)?
8
Let r(o) = 47*o**2 + 10*o + 2. Let d(u) = -2*u + 20. Let a(q) = -8*q + 81. Let g(p) = 2*a(p) - 9*d(p). Let f be g(8). What is the tens digit of r(f)?
7
Let w(u) = u**3 + 18*u**2 - 2*u + 4. Let t be w(-8). Suppose t = 3*d + d + 5*x, -d + 4*x + 165 = 0. Suppose -3*c + d = 15. What is the tens digit of c?
5
Suppose 0 = -8*l - 45160 + 140632. What is the ten thousands digit of l?
1
Suppose 11*q - 35 - 20 = 0. Suppose -2*v + 2*z + 0*z + 672 = 0, q*v - 1710 = -z. What is the hundreds digit of v?
3
Suppose -150 = 18*b + 120. Let o(x) = -x**3 - 11*x**2 + 18*x - 12. What is the units digit of o(b)?
8
Suppose 3*m + 3*j - 25 = -37, -2*j = 3*m + 8. Suppose m*s + 5*s - 1348 = -v, 5*v - 6694 = -2*s. What is the thousands digit of v?
1
Let l be 1 + 12 + 0 + -302 + 304. Suppose 2*j - 317 = l. What is the units digit of j?
6
Suppose 0 = -0*u - 2*u - 14. Let g be (-3)/9 + u/(-21). Suppose g = -4*w - n + 15, 3 = 3*w + 5*n - 4. What is the units digit of w?
4
Let k(g) = -g**2. Let f be k(-1). Let s be f/(2/4 + -1). Suppose 0 = q - s*q + 50. What is the tens digit of q?
5
Let d = -28465 - -62348. What is the units digit of d?
3
Let j(x) = 291*x**3 + x**2 + 2*x - 2. Let t be j(1). Suppose k = 2*k - 164. Let w = t - k. What is the tens digit of w?
2
Let g(k) = -k**2 - 6*k + 10. Let f be g(-10). Let l be (4/(-2))/((-4)/(8 + -10)). What is the units digit of (140/f)/(l*(-2)/(-6))?
4
Let o(n) = 43*n**3 + 3*n**2 + 28*n - 78. What is the thousands digit of o(5)?
5
Let f(x) be the first derivative of 29*x**3/3 - x**2/2 - x - 16. Let v be f(-1). Suppose -o = 2*n - n - v, -4*n + 20 = o. What is the units digit of o?
2
Let v = -27 - -115. Let p = 94 - v. Let g = 30 + p. What is the units digit of g?
6
What is the units digit of 90/16*(-352)/(-264)*1046?
5
Let h = -922 - -1779. Suppose 5*w - 5*i = 2055, 2*w - 5*i + h = 4*w. What is the hundreds digit of w?
4
Let k = -270 + 450. What is the tens digit of 144/k - (-836)/5?
6
Let k(d) = -153*d**2 + 22*d - 34. Let n be k(2). Let s = -458 - n. What is the tens digit of s?
4
Suppose -39*x - 92*x + 197*x = 2667192. What is the units digit of x?
2
Let o(w) = -w**2. Let t(r) = -r**3 + 3*r**2 + r + 70. Let j(l) = -3*o(l) - t(l). Let z be j(0). Let s = z + 144. What is the units digit of s?
4
Let p be 3 + 4 + -5 - (0 - 13). Let b(z) = z - 1. Let i(c) = c**2 - 9*c + 17. Let q(j) = -2*b(j) + i(j). What is the tens digit of q(p)?
7
Suppose -2*n + z + 4244 = 0, 9927 = 3*n - 2*z + 3560. What is the tens digit of n?
2
What is the tens digit of 60*(97/2 - 12)?
9
Let a = 398 - 206. What is the tens digit of (a/160)/(3/(-10))*-199?
9
Let x be (-7259)/35 - -2 - 2/(-5). Let g = x - -70. Let d = -29 - g. What is the hundreds digit of d?
1
Suppose 36*w - 157481 = -11*t + 33*w, 4*w - 14309 = -t. What is the thousands digit of t?
4
Let g(x) = -x + 5. Let s be g(5). Suppose s = -33*u + 31*u + 364. What is the tens digit of u?
8
What is the ten thousands digit of 12/15 - (-624759*(-8)/(-60) - -6)?
8
Suppose 5*l = -5*h + 23692 + 19398, -8630 = -h - 4*l. What is the hundreds digit of h?
6
Suppose -3*o = 3*d - 92784, 2*o - 77986 - 45714 = -4*d. What is the ten thousands digit of d?
3
Suppose 7 = -i + 2*b, 8 = 3*i - 4*b + 19. Suppose i*d = 4*d - 61. What is the units digit of d?
1
Let y be (-8)/6*(-8 - 13/(-26)). Suppose 25 = 5*x, -14*n + 3*x + 413 = -y*n. What is the units digit of n?
7
Let s = 723 - 352. What is the tens digit of s + (5 - 0 - 3)?
7
Let q be (168/10)/(3/10). Suppose 0 = -6*w - w + q. Suppose 786 = w*s - 62. What is the units digit of s?
6
Suppose 4*b + 19 - 31 = 0. Suppose 0 = 3*f + 3 + b, 3048 = 2*m + 4*f. What is the tens digit of m?
2
Suppose 3*c + 3 + 12 = -2*i, 5*i - 2*c + 66 = 0. Let n(w) = 17. Let m(p) = 2*p + 15. Let g(r) = -m(r) + 4*n(r). What is the units digit of g(i)?
7
Let a(